
2
Let b = 5 + -1. Suppose a - 3*a = -b. Suppose -a*s - 3*s = -45. What are the prime factors of s?
3
Suppose -r + 2 + 0 = 0. Suppose r*f = -0*f + g + 6, 3*f - 9 = -3*g. What are the prime factors of 1*(11 - 6/f)?
3
Let s(q) = 242*q**2 - 4*q - 5. What are the prime factors of s(-1)?
241
Let n = -23 + 28. Suppose -137 = -3*b + i, -n*i - 157 = -3*b - 0*i. List the prime factors of b.
2, 11
Suppose 2*o = -k - 42 - 21, 2*o - 3*k = -83. Let n = o - -48. List the prime factors of n.
2, 7
Let o(q) = -q**2 + 4*q + 23. Let w be o(7). Suppose -h - 1 = -4. What are the prime factors of 0/(-2 + h) + w?
2
Let g be (1 - 2*-2)/1. Suppose -g = 3*o - 17. What are the prime factors of o?
2
Let d be -5*(-6)/(-15)*-1. Suppose -q + 4 = 5*g, -3*q = -d*g + 2*q + 7. List the prime factors of (g - 2/(-2))*2.
2
Let x(w) = 13*w**2 - 4. What are the prime factors of x(2)?
2, 3
Suppose -11*w + 16*w - 340 = 0. List the prime factors of w.
2, 17
Suppose 3*l - 89 = 208. What are the prime factors of l?
3, 11
Let l(a) = 3*a - 2 - 3 - 4*a. Let r be l(-6). Suppose -3*y - r = -22. What are the prime factors of y?
7
Let z be 18/3*(-2)/(-4). Suppose 0 = -2*o + 5*t - 21, 0*o + z = 3*o + 4*t. Let u(k) = -3*k - 1. List the prime factors of u(o).
2
Let q(d) = d**3 + d**2 + 0*d**3 + 2 + 5*d**2 + 3*d. What are the prime factors of q(-5)?
2, 3
What are the prime factors of (-58)/3*6/(-4)?
29
Let y(p) = -19*p - 3. Let c be 4/(-8) - (-6)/(-4). Let i be y(c). Suppose -i = -4*b - b. What are the prime factors of b?
7
Let o be 205/(-15) - 2/6. List the prime factors of (-666)/(-63) - 6/o.
11
Let i(t) = 5*t**3 + 5*t**2 - 3*t. Let s(r) = -6*r**3 - 6*r**2 + 4*r + 1. Let w(y) = -5*i(y) - 4*s(y). List the prime factors of w(-3).
17
Let r = -7 - -7. Suppose r = -2*d - 3*d + 5, -5*n + 35 = -5*d. What are the prime factors of n?
2
Suppose -41*z = -38*z - 819. List the prime factors of z.
3, 7, 13
Suppose 3*c = u - 42 - 32, 148 = 2*u + 4*c. List the prime factors of u.
2, 37
Let r(t) = 10*t**2 + 17*t**2 - 5*t - 11*t**2 + 4*t. What are the prime factors of r(1)?
3, 5
Let y = -4 + 6. List the prime factors of y + ((-4)/2)/(-2).
3
Let f(a) = -a**3 + a**2 + a - 9. Let h be f(0). Let s(d) = -d + 18. What are the prime factors of s(h)?
3
Suppose 3*a + 3*m = 75, m + 11 - 59 = -2*a. Suppose -2*t + l = -69, 0 = t + l + a - 62. List the prime factors of t.
2, 3
Let c(k) be the first derivative of -2*k - 2 + 1/2*k**2. What are the prime factors of c(6)?
2
Let t(i) = i - 1. Let x be t(3). Let r = x - -3. Suppose r*g - 5*s - 9 = 51, -6 = -g - s. List the prime factors of g.
3
Suppose g - 23 = -9. Suppose -76 = 10*p - g*p. List the prime factors of p.
19
Let j(s) = -7*s**2 + 15*s - 5. Let k(w) = 8*w**2 - 17*w + 5. Let o(i) = -7*j(i) - 6*k(i). Let z be 1/4 + (-46)/(-8). List the prime factors of o(z).
23
Suppose -m - 3*z = -15, 0 = -2*m + 5*z - 16 + 79. List the prime factors of m.
2, 3
Let b(a) = -4*a**2 + 5*a**2 + a + 0*a. List the prime factors of b(5).
2, 3, 5
Let q(t) = -3*t + 2. Let i be q(-3). Let z(m) = m**3 + 5*m**2 + 8. Let w be z(-5). Let b = i + w. List the prime factors of b.
19
What are the prime factors of (92/5)/((-18)/(-45))?
2, 23
Let i(f) be the third derivative of f**5/60 - f**4/12 - f**2. Let w be i(3). Suppose -g = w*c - 17, 3*g - 5*c + 7 = 2*g. What are the prime factors of g?
2
Let p(b) = -b**3 - 5*b**2 - b - 3. Suppose -3*v - 39 = -3*a, -4*v + 7 = a + 34. Let y = v + 3. What are the prime factors of p(y)?
2
Let h = 2 + 1. Suppose -13 = -5*w - k + 8, h = 3*k. What are the prime factors of w?
2
Let b(s) = -s**3 + 5*s - 1. List the prime factors of b(-4).
43
Suppose 2*u + 0 = 8. Suppose u*n = 4*j + 28, n + 13 = -4*j + 2*n. Let o = 14 + j. What are the prime factors of o?
2, 3
Let y = -121 - -201. Suppose -6*x + y = -x. What are the prime factors of x?
2
Let r be -1*(-1 + 2) - -1. Suppose r = -4*n + 6*n - 6. List the prime factors of n.
3
What are the prime factors of (5 + 0)*6/15 - -91?
3, 31
Suppose 12 = -5*f - 8. What are the prime factors of (18/f)/(-3)*2?
3
Suppose b = 44 + 6. List the prime factors of b.
2, 5
Let z(s) = -14*s - 5. Let m be z(8). What are the prime factors of (-2)/4 - m/6?
19
Suppose -4*i = -9*i + 4*h + 461, -h = 2*i - 174. Suppose 4*u + 3 = -i. List the prime factors of 5/10 + u/(-2).
2, 3
Suppose 0 = -4*z + 23 - 3. Suppose -z*d - 1 = -11. What are the prime factors of d?
2
Let b be (0 - 1)*2 + -11. Let w = -8 - b. Suppose -3*n + 21 = 3*l, l - 3*l - w*n = -14. What are the prime factors of l?
7
Let u(k) = k**3 - 7*k**2 + 6*k + 3. Let s be u(6). Let q(t) be the third derivative of t**6/120 - t**5/20 + t**4/8 + 12*t**2. List the prime factors of q(s).
3
What are the prime factors of 254/4 - 1/(-2)?
2
Let t(y) = y**3 - 3*y**2 + 4*y - 2. Let g be t(2). Let w(x) be the third derivative of 5*x**4/12 - x**3/2 - 2*x**2. What are the prime factors of w(g)?
17
Suppose 5*f + 5*x = -60, -4*x + 37 = -2*f - 17. Let m = 30 + f. List the prime factors of m.
13
Suppose -2*g = 10, -5 = -5*t + 5*g - 15. Let a(m) = -9*m**2 + m. Let w be a(-1). Let v = t - w. List the prime factors of v.
3
Let n = 3 - 0. Let a be 3/(18/98)*n. Suppose -a + 12 = -2*i - w, 5*i - 92 = -3*w. List the prime factors of i.
19
Let y(x) = x**3 - 7*x**2 - x + 11. What are the prime factors of y(7)?
2
Suppose 45 = 2*u - 59. What are the prime factors of 13/(u/168) - -1?
43
Let r = -49 - -35. Let b = r + -11. Let k = 43 + b. List the prime factors of k.
2, 3
Let c(d) = -2*d + 0 + 5 + 3*d. Let m be c(-5). Suppose 0 = -p + 2 - m. List the prime factors of p.
2
Let c(n) = n**3 + 10*n**2 - 15*n + 11. What are the prime factors of c(-11)?
5, 11
Suppose 62 + 96 = 2*x. List the prime factors of x.
79
Let c(t) = -t**3 + 5*t**2 + 2*t - 4. Let x be c(5). Suppose -3*j = -j - x. Suppose 5*w + 37 = f, 7*w + 80 = 5*f + j*w. List the prime factors of f.
2, 3
Suppose -110 = -2*l - 8. What are the prime factors of l?
3, 17
Suppose -5*i = -2*t - 2*t - 114, -8 = -2*t. Let c = -24 + 42. Let f = i - c. What are the prime factors of f?
2
Let z = 0 + 0. Let f be 1 + z + (-14)/2. What are the prime factors of (-2 - 0)*(f - -5)?
2
Suppose y - 2*y + 2 = 0. Suppose 7*n - y*n - 50 = 0. What are the prime factors of n?
2, 5
Suppose -3*d + 86 = -4*j, -2*d + j - 61 = -4*d. What are the prime factors of d?
2, 3, 5
Suppose -9*v = -5*v - 328. Suppose -5*y + v - 6 = -3*p, -4*y = -4*p - 64. What are the prime factors of y?
2, 7
Suppose 2*q = t - 28, 0*q - 5*q = -10. Let u = t - -13. List the prime factors of u.
3, 5
Let o = 44 + -26. Suppose 6 = 2*h - o. What are the prime factors of h?
2, 3
Suppose 2*q - 4 = -2*d, d + 11 = 5*q + 5*d. Suppose -2*h - j = -57, -5*h + q*h + 62 = -4*j. What are the prime factors of h?
29
What are the prime factors of ((-12)/9 + 2)*81?
2, 3
Let o(j) = j**3 - j**2 + j - 2. Let v be o(0). Let h = v + 7. Suppose 4*r = h*r - 9. What are the prime factors of r?
3
Suppose -5*z + 66 = -2*o, 2*z - 26 - 4 = -o. List the prime factors of z.
2, 7
Let p = 3 + -1. Suppose -4*a - 32 = -3*d, p = 4*d + 3*a + 1. Suppose -d*u + g + 11 = -4, -4*g - 9 = u. List the prime factors of u.
3
Suppose 0 = -0*c - 5*c + 30. Let h(n) = -n**2 + 8*n - 6. What are the prime factors of h(c)?
2, 3
Suppose -o - 22 = -2*i, 5*o + 11 = 3*i - 2*i. Let m = 4 + i. Let y = -4 + m. What are the prime factors of y?
11
Suppose 11 + 5 = o - 3*z, z = 1. List the prime factors of o.
19
Let q = -34 + -44. List the prime factors of ((-1)/(-2))/((-3)/q).
13
Suppose 10*z - 1210 = -0*z. List the prime factors of z.
11
Suppose 0 = -5*d - 135 + 455. What are the prime factors of d?
2
Let z(k) = k**2 - k + 1. Let c(l) = -6*l**2 + 12*l - 6. Let a(b) = c(b) + 5*z(b). Let n be a(6). Suppose 42 - 2 = n*s. What are the prime factors of s?
2
Let r = -16 - -29. Let m = -10 + r. List the prime factors of m.
3
Let q = 100 - 80. What are the prime factors of q?
2, 5
Let l = 40 + -17. Suppose 7 + l = v. Suppose -5*y + 5 = -v. What are the prime factors of y?
7
Let j = -12 + 63. List the prime factors of j.
3, 17
Suppose -4*x + 3*x - 9 = 0. Let m = x - -1. What are the prime factors of ((-3)/(-3) - m)/1?
3
Let f(b) = 7*b. Let h(r) = -10*r. Let s(t) = 7*f(t) + 5*h(t). Let i be s(0). Suppose -5*y = 4*p + 18 - 67, 2*p - 2*y - 38 = i. List the prime factors of p.
2
Let m = 1 - -3. Suppose 4*v = -